+ 3 = 0. Suppose a*c - p = -17. What is r(c)?
-3
Let a(x) = -x**3 + 22*x**2 + 9*x - 44. Let b be a(22). Let y = 151 - b. Let p(h) = -3 - 5*h - 3 + 0 + 3. Calculate p(y).
12
Let q(r) = -r**3 - 24*r**2 + 65*r - 441. Let c be q(-27). Let v(y) = 3*y**3 + 27*y**2 - 2*y - 10. Determine v(c).
8
Let x(w) be the second derivative of w**3/6 + 19*w**2/2 + 2*w - 26. Determine x(-8).
11
Let r(v) = -v - 16. Suppose -4*c - 203*n + 199*n = 24, 3*c + 22 = -2*n. Determine r(c).
-6
Let k(s) = -332 - 4*s + 672 - 338 + s**2. Calculate k(9).
47
Suppose -127 + 134 = 2*c - q, -c = 5*q - 9. Let b = 3 + 2. Let t(m) = -14*m - 7*m**2 + c*m**3 - 3*m**3 + 7 + b*m. Determine t(8).
-1
Let x(j) = 2*j**3 + 5*j**2 + 38*j - 85. Let n(b) = -b**3 - 3*b**2 - 25*b + 54. Let s(t) = 8*n(t) + 5*x(t). What is s(3)?
40
Let u be (2 - -1)/((-3)/2). Let o(w) = 28*w + 40. Let j(p) = -6*p - 9. Let i(t) = -9*j(t) - 2*o(t). Determine i(u).
5
Let f be (-3)/(-2)*(-4)/(-3). Suppose r + 5*y - 2 + 0 = 0, 2*r - 4 = -3*y. Let n(t) = 0*t**2 + t**r - 27*t + 11*t + 15*t. What is n(f)?
2
Let i(l) = -l**3 - 16*l**2 + 22*l + 1. Let a(r) = -3*r**2 + r - 3. Let p(o) = 3*a(o) - i(o). Determine p(-9).
-1
Let j be 5*32/60*3/2. Let o(p) = 6*p**2 - 2*p + 1 + 0 + 6. Let n(m) = -5*m**2 + 3*m - 6. Let s(t) = j*o(t) + 5*n(t). What is s(6)?
4
Let q(x) = 5*x**2 - 13*x - 33. Let r(l) = 4*l**2 - 10*l - 38. Let c(w) = 2*q(w) - 3*r(w). What is c(6)?
0
Let s(o) = o - 8 + o**2 - 2*o**2 - 10*o. Suppose 18*p + 9 + 117 = 0. Determine s(p).
6
Let f(o) = -o**3 + 6*o**2 - 10*o + 75. Let c(k) = -3*k**2 + 6. Let w be c(0). Calculate f(w).
15
Let f(t) be the third derivative of -t**6/360 + t**5/30 + t**4/8 - 7*t**3/2 + 64*t**2. Let z(r) be the first derivative of f(r). Give z(5).
-2
Let b(n) = n**3 - n**2 - n - 1. Let d(m) = -m**3 + 5*m**2 + 7. Let x be d(5). Suppose 27 = x*p + 13. Calculate b(p).
1
Let h be -4 - -4 - -25 - 0. Suppose w = -2*w - 2*z - 10, h = -2*w - 5*z. Let l(a) = w + 1 + a + a. Calculate l(-3).
-5
Let g(y) = -5*y**2. Suppose -4*w + 3 + 9 = 0. Let a(d) = 3 + d**2 - 9*d - w + 10*d. Let i(h) = 3*a(h) + g(h). What is i(2)?
-2
Let d(p) = 7*p - 14 - p - 6*p - p + 2*p. Let z be 2*(70/(-4))/(-5). Let f be d(z). Let c(s) = s**2 + 7*s + 3. Give c(f).
3
Let g(o) be the third derivative of -o**6/120 - 47*o**5/60 + 17*o**4/4 + 97*o**3/3 + 2*o**2 + 6979*o. Give g(-49).
-2
Let d = 8 - 6. Let m(r) = -5 - r**2 - 1 + r + d*r + 2*r. Let y = 1135 + -1130. What is m(y)?
-6
Suppose 7*b - 79 - 159 = 0. Suppose -b*x = -6*x - 112. Let o(n) = 6*n + 3. Give o(x).
27
Let t(j) = 8*j + 1. Suppose -2*a + 4*n + 55 = n, 0 = 5*a + 2*n - 90. Let r be a/35 - 11/7. Determine t(r).
-7
Let f(u) be the second derivative of u**5/20 + 11*u**4/12 - 5*u**3/3 + 12*u**2 - u + 55. Give f(-12).
0
Let d(s) = -s. Suppose -220 = -4*t - 8. Let g = t - 38. Suppose 0 = 5*x + g. Give d(x).
3
Suppose 4*h - 4 = 8*h - 5*u, -4*h + u = 4. Let c be h + (4/(-5))/((-6)/105). Suppose -4*o + c*o = -72. Let a(i) = i**2 + 11*i + 10. Determine a(o).
-14
Let c(q) = 12*q**2 + 6*q - 1. Suppose 4*b + 5*n = -68 + 40, 4*b = 2*n. Determine c(b).
35
Let h = -516010 - -516009. Let i(w) = 0*w**2 + 1 + 0*w**2 + 2*w**3 - w**2. What is i(h)?
-2
Let c(b) = -b + 1. Let i(m) = 2*m + 5. Let l(y) = -4*c(y) - i(y). Let q(t) = 3*t**2 + 24*t - 7. Let p be q(-8). Calculate l(p).
-23
Suppose -20*m - 4 = 3*z - 15*m, 6 = -3*m. Let x(f) = -3*f + 2 + 67*f**z - 66*f**2 + 5*f. Give x(-4).
10
Let y = 0 + -2. Let k(u) be the third derivative of -u**6/60 - u**5/30 + u**4/24 - u**3/6 + 135186*u**2. Calculate k(y).
5
Let w(v) = -v**2 + 12*v - 16. Let b be w(10). Suppose -t + 5 = -b*r, -5*t + 25 = -2*r + 5*r. Let q(g) = -2*g + 3*g - 5 + 3*g + r. What is q(-4)?
-21
Let w(n) = -n**3 + 7*n**2 + 8*n - 5. Let t be 2*(2 - -1 - 1). Let j(g) be the second derivative of 7*g**3/6 - 10*g**2 + 3*g + 12. Let v be j(t). Give w(v).
-5
Let w(t) be the first derivative of -14*t**3/3 - 15*t**2/2 + 33*t - 147. Let p(q) = 5*q**2 + 5*q - 12. Let y(g) = 11*p(g) + 4*w(g). Determine y(-6).
-6
Let o(y) = -8*y**2 - 3265*y**3 + 3*y + 2*y + 3266*y**3. What is o(6)?
-42
Let f(h) = -h**3 + 3*h**2 + 10*h + 42. Let l be f(6). Let q(v) = -v**3 - 5*v**2 - 6. Calculate q(l).
30
Suppose -4*s = -5*m - 22, -5*s - 39*m + 37*m + 11 = 0. Let i(a) = -s*a - 2*a + 3*a - 4*a. Let h(x) = x**2 + 7*x + 8. Let d be h(-6). Give i(d).
-12
Let i = -2125/6 - -355. Let w(a) be the second derivative of 0 - 3/2*a**2 - 1/12*a**4 + i*a**3 - 15*a. Give w(4).
1
Let v(w) = 14*w**2 + 249*w - 823. Let p(f) = 3*f**2 + 61*f - 204. Let c(h) = 9*p(h) - 2*v(h). Give c(47).
-2
Let k be 10*(12/(-10))/(-3). Let z = k - 5. Let p(d) = -2 - 23*d - 14*d + 2 - 1 + 49*d. Give p(z).
-13
Let c = -8747 - -8745. Let l(g) = g**3 + g**2 - 4*g - 2. Determine l(c).
2
Let r(x) = 2*x + 12. Suppose 2*n + 4*g + 159 = 143, -5*g = 4*n + 20. Determine r(n).
12
Let l(b) = 22*b**3 - 42*b**2 + 6. Let z be l(2). Let t(d) = -4*d + 55. Determine t(z).
-1
Let g(v) be the second derivative of -v**4/4 - 37*v**3/6 - 3*v**2/2 - 203*v - 2. Give g(-12).
9
Let u(v) = -v**2. Let f(t) = -t - 1. Let l(i) = -3*f(i) - u(i). Suppose -2*n - n - 2*x + 14 = 0, 3*x = 3. Let r be (-14)/7*n/((-16)/(-6)). Determine l(r).
3
Let r(u) = u**2 + 8*u + 10. Let a(z) = -13*z + 67. Let t be a(6). What is r(t)?
43
Let k(m) = -5*m**3 + 10*m**2 + 3*m + 5. Let w = 52 + -46. Let r(n) = -9*n**3 + 19*n**2 + 5*n + 10. Let y(s) = w*r(s) - 11*k(s). Determine y(-5).
-5
Suppose -4*p = 3*k - 266 - 457, 3*k = 5*p + 750. Let m(o) = k*o - 39*o**2 - 246*o + 38*o**2. Calculate m(-3).
-6
Let f(z) = -2*z**3. Let p be f(-1). Let w(r) = 0 - 2*r - 4 + 19*r + 4*r**p - 10*r. Let u(h) = -9*h**2 - 15*h + 7. Let s(l) = -3*u(l) - 7*w(l). Give s(-6).
-5
Let g(a) = 0 - 5 + a**3 + 34*a + 0*a**3 - 33*a. Let r = -64 + 70. Let u(j) = j**3 - 7*j**2 + 4*j + 12. Let b be u(r). What is g(b)?
-5
Let z(l) = -9*l**2 + l - 23*l**2 + 16*l**2 - 4*l**2 - 24*l + l**3 + 11. What is z(21)?
-31
Let w(v) be the second derivative of -v**8/6720 - v**7/1260 + v**5/120 - 11*v**4/12 + 71*v. Let x(n) be the third derivative of w(n). Determine x(-2).
1
Let l(x) = -9 - 10*x + 13 - 19 + 11*x. Give l(-8).
-23
Let z(t) = 17*t - 2. Let l be z(1). Suppose -3*j = -l - 6. Let c(f) = 555*f**2 + 2 + j*f - 556*f**2 + 9. Determine c(8).
3
Let d(j) = 25*j + 395. Let h(s) = -27*s - 401. Let k(g) = 4*d(g) + 5*h(g). What is k(-12)?
-5
Let a(x) = -5*x + 33. Let t(k) = 3*k - 22. Let y(u) = -5*a(u) - 8*t(u). Let h be (-15 - -5) + 7 + -1 + -6. Give y(h).
1
Let y(i) = i + 24. Let k be y(-2). Suppose -189 = -k*m + m. Let w(u) = -u**3 + 8*u**2 + 10*u + 7. Determine w(m).
16
Let d(k) = -k**3 - 4*k**2 + 3. Let f be d(-4). Let a(r) = 7*r - 5. Let o(u) = -16*u + 12. Let n(q) = -9*a(q) - 4*o(q). Determine n(f).
0
Suppose -h - 112 = -3*q + 104, 2*h = 2*q - 144. Suppose 5*z + 3*z = q. Let g(b) = 2*b + 22. Let a(t) = -5*t - 45. Let r(c) = 3*a(c) + 7*g(c). Calculate r(z).
10
Let i be -18*5/(-20) - (-6)/4. Let k be (i/(3/(-1)))/((-2)/(-5)). Let n(l) = -3*l - 4. Let c(h) = 4*h + 5. Let t(d) = k*n(d) - 4*c(d). Give t(2).
-2
Let y(h) be the second derivative of -h**4/12 - 2*h**3/3 - h**2 - 14527*h. Let g = -3 + 5. Suppose -g - 1 = i. Give y(i).
1
Let b(o) be the first derivative of 11*o**2/2 - 22*o - 150. Give b(4).
22
Let t(w) = 9*w**2 + 2*w + 1. Let b(x) = 44*x - 52*x**2 - 6*x + x**3 + 20*x**2 - 31 + 23*x. Let d be b(30). Give t(d).
8
Let l(r) be the first derivative of 5*r**2/2 - 10*r + 144078. Let q(t) = -2*t - 3. Let o be q(-4). What is l(o)?
15
Let d(u) be the first derivative of -230 - 2*u**2 + 1/3*u**3 - 5*u. Calculate d(4).
-5
Let p(x) = 2*x**3 + 1375*x**2 - 8326*x + 30. Let l be p(6). Let m(y) be the first derivative of -y**3/3 + 9*y**2/2 - 7*y - 1. What is m(l)?
11
Let t(j) = 1 - j**3 - 5 - 4 - 4*j - 23*j**2 + 30*j**2. Let c(q) = q**2 + 5*q + 3. Let a be c(-4). Let v be (-1)/1*(a - 5). Give t(v).
4
Suppose 5*m - 8 = -4*b - 4, -2*m - 4 = -4*b. Suppose 5*u + 34 - 59 = m. Let g(o) = -3*o + 19. Determine g(u).
4
Let m(z) be the first derivative of -z**4/12 - z**3/6 + 2*z**2 - 38*z + 72. Let h(r) be the first derivative of m(r). Give h(-3).
-2
Let z(b) = -14*b - 39. Suppose 140 = -20*c + 3*c - 18*c. Calculate z(c).
17
Let i(s) = s**3 - 9*s**2 + 9*s - 17. Let b be 16/11*44/8. Give i(b).
-9
Let l(n) be the second derivative o